).
11
Let b(f) = -f**3 + 12*f**2 - 11*f - 8. Let m(y) = -10*y - 19. Let d be m(-3). Determine b(d).
-8
Let g(q) be the second derivative of -q**3/2 + 7*q**2/2 + 227*q. Give g(4).
-5
Suppose 3*y - 5*j = -0*j - 16, -2*j = -3*y - 1. Suppose 3 = -3*a - u, -4*a - y = 2*u + 1. Let t(g) be the first derivative of -g**4 + g**3/3 - 2. What is t(a)?
5
Let x(q) = 2*q - 1 - 2*q**2 + 0*q + q**3 - q. Determine x(-2).
-19
Let o(f) = f**3 - 18*f**2 + 2. Suppose -10*y = -14*y + 72. Calculate o(y).
2
Let r(c) be the first derivative of -c**5/15 - c**4/12 + c**3/6 - 17*c**2/2 + 19. Let w(m) be the second derivative of r(m). What is w(2)?
-19
Suppose 0 = -f + 2*j + 8, 0*j - 13 = f + 5*j. Let p = 7 - 4. Let c(q) = 2*q**2 + 1 - 2*q + 2*q**2 - p*q**2. Calculate c(f).
1
Suppose -n - 21 = -2*o + 2*n, 19 = 3*o - 2*n. Let q(g) = -g + g**3 + 2*g - o*g**2 + 0 + 2. Let y(b) = -2*b - 4. Let j be y(-3). Determine q(j).
0
Let h(w) = w**3 + 6*w**2 + 3*w - 3. Suppose -z = 3*b + 11, 4*z + 15 = 3*b + 1. Determine h(z).
7
Let d(v) = -17*v - 1. Let q(z) = -17*z - 1. Let i = 28 + -21. Let r(y) = i*q(y) - 6*d(y). Determine r(-1).
16
Suppose 9 = 3*p - 6. Let k(u) = 2*u + u**2 - 7 - 5*u + u + p*u. Determine k(-5).
3
Let u(v) be the first derivative of -v**5/20 - v**4/3 + 2*v**2 - 26*v + 6. Let z(p) be the first derivative of u(p). Give z(-4).
4
Let f be (21 + -8 - 5) + -7. Let y(c) = 5*c**3 + 2*c. Determine y(f).
7
Let i(a) = -5*a + 42. Let x be i(8). Let u(d) = -3 - 1 + x*d + 3 + d. Calculate u(-2).
-7
Let d(c) = 19 - 119*c - 5 + 115*c. Let k be d(6). Let j(s) = s**3 + 11*s**2 + 12*s + 12. Determine j(k).
-8
Suppose -5*o - 2*f + 11 = 0, f + 3*f = 2*o + 10. Let y(g) = -4*g**2 + g - 2. What is y(o)?
-5
Suppose -3*g + g = -2. Suppose c = 3*i - g, c - 1 - 4 = -3*i. Let o(d) = 3*d - c*d**2 - 5*d - 52 + 54. What is o(-3)?
-10
Let n = 164 + -125. Let s(v) = v**3 + 2*v**2 - 5 + n*v + 4 - 35*v - 6*v**2. Suppose 7*o - 2*o + 3*z = 21, 0 = -3*o - z + 11. Calculate s(o).
2
Suppose -4*m - 9 = -1. Let i(r) = -r**3 + r**2 - r. Let n(j) = 6*j**3 - 3*j**2 + 5*j + 1. Let v(f) = 5*i(f) + n(f). Calculate v(m).
1
Let l(v) = -v**2 - 3*v - 4. Let n(t) = 3*t**2 + 8*t + 11. Let u(c) = -11*l(c) - 4*n(c). Suppose -3*j - 4*h = 2, 11*j + 3*h + 7 = 6*j. Give u(j).
-6
Let g(u) = 4*u + 5 + u**2 + 2*u - 5*u. Suppose -r = -7 + 5. Let s be (-1 + 1)/(-5 + r). Determine g(s).
5
Let p(w) = 3 + 2*w**3 + 0*w**3 - 924*w - 3*w**2 + 919*w - w**3. Determine p(4).
-1
Let o(p) = p**3 - 7*p**2 + 6*p + 5. Suppose 3*b + 5*f - 17 = 11, 2*f - 34 = -5*b. Let j be o(b). Let s(g) = 5*g - 4*g**2 - 68 + 3*g**2 + 66. Determine s(j).
-2
Let n(g) = -g + 18. Let q be n(23). Let y(t) = -5*t**2 - 6*t - 4. Let f(w) = 6*w**2 + 6*w + 4. Let o(z) = 3*f(z) + 4*y(z). What is o(q)?
-24
Let d(a) = -4*a**3 - a**2 + 1. Suppose 63*z + 2*c - 13 = 60*z, 4*c = 20. Calculate d(z).
-4
Let z(w) be the third derivative of -w**8/20160 + w**7/1260 + w**6/90 + w**5/6 + 2*w**2. Let i(p) be the third derivative of z(p). Calculate i(6).
-4
Let z be -1*1/1 + 1. Suppose z*x - 2*x = 12. Let v(g) = 7*g**2 - 1 + 155*g - 91*g + g**3 - 57*g - 2. Give v(x).
-9
Suppose -5*h = -c + 108, -114 = -0*h + 5*h - 3*c. Let a be (-6)/(-9) + (-112)/h. Let x(l) = -l**2 + 5*l + 1. Determine x(a).
-5
Let v(p) = -p**2 + 9*p - 4. Let t(b) = 15*b**2 - 14*b**2 - 5 - 1 + 2*b - 1. Let g be t(3). Calculate v(g).
4
Let l(n) = n**2 + 95*n + 529. Let g be l(-6). Let q(d) be the first derivative of d**4/4 + 2*d**3 + 5*d**2/2 + 5*d + 1. Determine q(g).
5
Let l(p) = -p**3 + 16*p**2 + 35*p + 16. Let w be l(18). Let n(b) = 25*b + 6. Let k(z) = -12*z - 3. Let i(o) = 9*k(o) + 4*n(o). Calculate i(w).
13
Let o(z) = -2*z**3 - 2*z**2 + 6*z - 17. Let v(m) = -3*m**3 - 6*m**2 + 11*m - 34. Let u(l) = 5*o(l) - 3*v(l). Calculate u(8).
-7
Let g(a) = 21 - 29 + 11 - 36*a**2 + 34*a**2. Calculate g(4).
-29
Let u(a) be the first derivative of a**4/24 - 5*a**3/6 - 3*a**2/2 - 6*a + 10. Let r(z) be the second derivative of u(z). What is r(7)?
2
Let r(m) be the first derivative of m**4/4 - 2*m**3/3 - m**2 + 3*m + 171. Give r(2).
-1
Let o(k) be the third derivative of 2*k**2 + 0*k + 1/60*k**5 - 1/120*k**6 + 0*k**3 + 0*k**4 + 0. Calculate o(-1).
2
Let q(c) = c**3 + 3 + c - c - 4*c. Let x be 2/(1 - (4 + -2)). Let o be (-3)/x*8/6. Give q(o).
3
Let g(q) be the second derivative of 3*q + 0 - 1/6*q**3 - q**2. Determine g(-4).
2
Let h(l) = l - l - 5*l + 14 + 10*l. Let m be h(-4). Let a(x) = x**3 + 5*x**2 - 8*x - 9. Determine a(m).
3
Suppose 4*v - m = -5*m - 44, 7 = 3*v - 5*m. Suppose -4*z - 80 = -12*z. Let b(g) = -z - 16 + 26 - 2*g. Calculate b(v).
12
Let g(l) be the second derivative of l**3/2 + 2*l**2 + 422*l. Determine g(-3).
-5
Let z be ((-1)/(-3))/((-3)/(-18)). Suppose 0 = 2*a + 4*p - 32, -a - a + 2*p = -z. Let b(g) = -9*g - 6*g**2 + g**3 + a - g + 2*g. Calculate b(7).
-1
Let q be (0 + -2)/(3/6). Let n(b) be the second derivative of -8*b - 1/2*b**2 + 0 + 1/3*b**3. What is n(q)?
-9
Let q(z) = -z**3 + 3*z**2 + 2. Let x(u) = -u**2 + 11*u + 2. Let k be x(7). Suppose -15 = -k*h + 25*h. Calculate q(h).
2
Let h(a) be the third derivative of -a**6/120 - a**5/20 + a**4/8 + a**3/3 + a**2 - 440. Let g be (-3 - 1) + (-1)/(-1). Give h(g).
-7
Let f(n) = -n**2. Let c(r) be the first derivative of -2*r**3/3 + 7*r**2/2 + 6*r - 10. Let m(h) = c(h) - 4*f(h). What is m(-5)?
21
Let p(j) = 4*j - 5. Let u(h) = 3*h - 4. Let g(a) = -2*p(a) + 3*u(a). Determine g(7).
5
Let f(b) = b**2 + 4*b - 8. Let v(a) be the second derivative of -a**4/3 - 8*a**3/3 + 33*a**2/2 - a. Let m(r) = 9*f(r) + 2*v(r). Let w = -2 - 4. What is m(w)?
6
Let o(f) = -11*f + 10*f - 141 + 149. Calculate o(3).
5
Let u(p) = p**2 + 13*p + 15. Let z be u(-11). Let o = -5 - z. Suppose 21 = q + o*q. Let b(i) = -i + 8. What is b(q)?
1
Let q(h) be the second derivative of -h**3/6 + h**2 + 107*h. Let y be 2/(3 - 1)*-7. What is q(y)?
9
Suppose -2*u - 3*w + 17 = 0, 0 + 15 = 3*u + w. Let x = 12 - 10. Let t(p) = p + x - u + 3 + 0*p. Give t(0).
1
Let w(q) be the first derivative of 1/6*q**4 - 2*q**2 - 1/20*q**5 + 1/6*q**3 + 10*q - 6. Let t(u) be the first derivative of w(u). What is t(3)?
-10
Suppose 0 = -5*v + 5 + 5. Let s(g) be the first derivative of -1 + 1/2*g**2 - g. What is s(v)?
1
Let g = 147 - 143. Let l(h) be the third derivative of h**5/60 - 5*h**4/24 + 5*h**3/6 - 2*h**2. Give l(g).
1
Let l(d) be the first derivative of -d**3/3 - d**2 + 4*d + 120. Calculate l(-3).
1
Suppose -4*n = -6 + 14. Let d(q) = -1 + 2*q + 4*q + 2. What is d(n)?
-11
Let a(k) = 1. Let b(g) = 5*g + 7. Let s be (6/10)/(11/(-55)). Let u(n) = s*a(n) + b(n). Calculate u(-3).
-11
Let h(c) = c**3 + c**2 + c - 15. Let m = -28 + 26. Let w be m/4 - (-13)/26. Give h(w).
-15
Suppose -4*t - 2*j + 22 = 0, 2*j = 4*t + 7*j - 31. Suppose t*p = 2*p. Let x(g) = -2*g**2 + g**3 + p - 5*g + 6*g + 2. Determine x(3).
14
Let m(k) = k + 5. Let u(q) = 2*q + 8. Let t(i) = -11*m(i) + 6*u(i). What is t(0)?
-7
Let b(x) be the second derivative of 0 + 0*x**2 + 1/40*x**5 - 8*x - 1/6*x**3 - 1/8*x**4. Let w(j) be the second derivative of b(j). Calculate w(3).
6
Let j(d) = -d**2 - 10*d + 14. Let i = 630 - 641. What is j(i)?
3
Suppose -5*r = -4*r + 4. Suppose 0 = v - 2*z - 12, -3*v - 2*v - 3*z - 5 = 0. Let d(k) = -3*k**2 + 4 - 5*k + 2*k**v - 5*k**2 - k**3. Determine d(r).
-8
Let l(h) = 2*h - 2. Let z(i) = -i + 1. Let a(m) = -4*l(m) - 10*z(m). Give a(7).
12
Let u be (-9)/10 - (-175)/125. Let r(h) be the first derivative of -1/4*h**4 - 3*h - 2/3*h**3 + 5 - u*h**2. What is r(-3)?
9
Let s(j) = -6*j - 18. Let o(w) = 2*w**2 + 98*w - 4. Let u be o(-49). What is s(u)?
6
Let x = -2 - 10. Let s be 2/(-2)*(-72)/x. Let u(i) be the second derivative of -i**4/12 - i**3 + i**2 - i. Determine u(s).
2
Let l(t) = -t**3 - 7*t**2 + 4*t + 1. Let y(w) = 3*w**2 + 16*w - 2. Let g be y(-5). Determine l(g).
-27
Suppose 3 = i - 0. Let q be (-1)/5 - (-108)/15. Suppose -w - h - 10 = -4*w, 2*h = -i*w + q. Let y(r) = r**2 + r - 2. Give y(w).
10
Suppose 28 = -4*y + 4*j, -2*y - 5 = 2*j + 9. Let o(u) = -u**3 - 9*u**2 - 10*u + 3. What is o(y)?
-25
Suppose -3*n = -4*n + 28. Suppose 5*z + 0*s = 2*s + n, 19 = 3*z + s. Let i(y) = -y**2 + 4*y + 5. Calculate i(z).
-7
Let y(a) be the third derivative of a**7/5040 + a**6/180 + a**5/10 - 34*a**2. Let s(g) be the third derivative of y(g). Suppose m